5*u - 600. Let h be g(-6). Let q be (-500)/2*(-3)/(-6). Let d = -89 - q. What is the greatest common divisor of d and h?
18
Let d be (-3 - (0 + -2))*-2. Suppose 3*w = 5*x + 1748, -d*w - w = -3*x - 1746. Let z = w - 389. What is the highest common factor of z and 24?
24
Let d(h) = 2*h**2 - 18*h + 60. Let y be d(5). Calculate the greatest common factor of 290 and y.
10
Let t(p) = -162*p - 211. Let a be t(-8). Calculate the greatest common factor of a and 35.
35
Let t = 47 + -36. Let h = 7 + t. Let w = 22 + -13. Calculate the highest common divisor of w and h.
9
Suppose -628 = -5*y + 4*q, -11*y + 3*q = -7*y - 503. Calculate the greatest common factor of 8 and y.
8
Let d be (-1)/(1/(-86)*2). Calculate the highest common factor of 86 and d.
43
Let w be -8*3/6 - -21. Calculate the greatest common divisor of w and 17.
17
Let z be (-8)/(-5)*10/2. Suppose 0 = -m - 2*w + 8, -14*w + 9*w = 5*m - 70. Calculate the highest common factor of z and m.
4
Suppose 4*k + 54 = 5*t + 181, k - 28 = 2*t. What is the greatest common divisor of k and 19?
19
Suppose 2*m - 5*a = 51, -4*m - 2*a - a + 63 = 0. Suppose -5*p + 7 = -m. Suppose -5*d + 9 = -1. What is the highest common divisor of p and d?
1
Let j = -424 - -631. Let d be 46*(19/2)/19. Calculate the highest common factor of j and d.
23
Let y = -30 + 50. Let p be (-2)/5 + 1228/y. Suppose 5*r = p - 6. What is the greatest common divisor of r and 66?
11
Let m = 63 + -45. Suppose 0 = -t + 5*a + 177, t - 150 = 29*a - 33*a. What is the highest common divisor of t and m?
18
Suppose -3*v - d = -10031, 7*v - 2*d = 10*v - 10030. What is the greatest common divisor of 11 and v?
11
Suppose -7*f + 3*f = -96. Let u = 29 + -17. What is the highest common divisor of f and u?
12
Suppose 3 = -5*p + 4*v, -4*p - 18 = -3*v + 5*v. Let a(t) = -t**3 + t - 2. Let g be a(p). What is the greatest common factor of g and 88?
22
Suppose h - 25 = -5*v, -3*v = 3*h + v - 20. Suppose 3*z - 29 = -5. Suppose -z = -p - h*p. Calculate the highest common factor of p and 64.
8
Let h(j) = -j**3 + 4*j**2 - 36*j + 145. Let d be h(4). What is the highest common divisor of 149 and d?
1
Let c be (15/(-2))/(1/(-16)). Let t = 3 + 1. Suppose -5*y = t*x - 83, -2*y - 3*x = -4*x - 28. Calculate the highest common factor of y and c.
15
Let y(o) = -o**3 + 19*o**2 + 26*o - 12. Let l be y(20). Calculate the greatest common divisor of l and 4.
4
Let a = -261 + 423. Suppose 4*f = o + 72 - 0, -4*f + 72 = 4*o. Calculate the highest common factor of a and f.
18
Let l(q) = q**2 + 44*q + 235. Let p be l(-6). Calculate the highest common divisor of p and 7.
7
Suppose -11*l - 448 = -27*l. Suppose -4*b + 566 = -442. What is the greatest common divisor of b and l?
28
Suppose -3*i - 2*t + 332 = 0, -i + t = -0*i - 119. What is the highest common factor of 285 and i?
57
Let l(z) = z - 286. Let n be l(0). Let v be 2 + 10/(-6) - 99/(-27). Let i be (-3)/(-6) - n/v. Calculate the highest common divisor of i and 8.
8
Suppose -z + 4 + 13 = 0. What is the highest common divisor of 136 and z?
17
Suppose -p - 4*s = -22, -2*s = 5*p + 3*s - 35. Let f(y) = 44*y - 42*y + 0 - p*y**2 + 7*y**3 - 1. Let a be f(1). Calculate the highest common factor of a and 48.
6
Let j(w) = 3*w + 4. Let d be j(-4). Let z be (-2 - 2)/(4/d). Let s(i) = 13*i - 1. Let v be s(5). What is the highest common factor of v and z?
8
Suppose 42 + 138 = 2*n. Suppose 13*w = 18*w - 50. What is the greatest common factor of w and n?
10
Let f(u) = 3*u**3 - 7*u**2 + 11*u - 7. Let z be f(4). What is the highest common factor of z and 26?
13
Let r(i) = i**3 + i + 4. Let o be r(0). Suppose -o*g + 0*v + 124 = 4*v, -g = 2*v - 30. What is the greatest common factor of g and 4?
4
Let l = -53 + 58. Suppose -2*v - 894 = -l*i, -v - v - 534 = -3*i. What is the greatest common factor of i and 18?
18
Let f be (2/(-5))/((-22)/10 - -2). Suppose 0 = -4*d + 5*k + 14, 0 = -f*d - 2*k - 0 - 2. What is the highest common factor of 4 and d?
1
Suppose 4*b + b - 3*p = 694, -3*p = 9. Let f be b + (-2 - 2 - -2). What is the greatest common divisor of f and 15?
15
Let v(k) = 2*k**2 - 38*k - 26. Let j be v(22). Suppose 0 = 104*h - j*h + 36. Let c = 6 + -4. What is the greatest common factor of c and h?
2
Suppose 4*p = -t + 40, 0 = 4*t - 3*t - 2*p - 10. What is the highest common divisor of t and 130?
10
Let c be (-3 + ((-193)/3 - 5))*-6. Calculate the greatest common divisor of 14 and c.
14
Suppose 3*v - 2*o - 8 = 22, 0 = 2*v - 5*o - 31. What is the highest common divisor of v and 72?
8
Suppose -5*a + 4*m = -995, -3*a + 2*m + 985 = 2*a. What is the greatest common factor of a and 78?
39
Suppose 4*o = 2*b - 22, 3*o = 8*b - 9*b - 14. Calculate the greatest common divisor of b and 11.
1
Suppose 8*h + 59 - 251 = 0. What is the highest common divisor of h and 42?
6
Let s(j) = 9*j - 11. Let v be s(13). Let k = 4 + v. What is the highest common factor of k and 10?
10
Let b = -23 - -33. Let r be (0 - 16/20)*b. Let g be 4*8 + 9 + r. What is the highest common divisor of g and 3?
3
Let l(w) = 4*w**2 - 36*w + 208. Let v be l(7). Calculate the highest common factor of v and 988.
76
Let z = 54 + -122. Let c be ((1 - -5)*2)/((-51)/z). Calculate the highest common factor of c and 24.
8
Suppose 23 + 45 = 4*t. Let f be 4/14 - 247/(-91). Let c = f + 184. Calculate the greatest common divisor of c and t.
17
Suppose 0*l - l = k - 5, 3*l + k = 15. Suppose -l*r + 3*r + 36 = 0. Let w = 4 - -8. What is the highest common divisor of w and r?
6
Suppose -3*p - 4*n = n - 88, 4*n = 2*p - 88. Suppose 0 = -5*i - 5*u + 735, 3*i - 3*u - 377 = 46. Calculate the highest common divisor of i and p.
36
Let c = -425 - -430. Suppose -n - 4*n + 225 = 0. Suppose -2*f + n = -f. What is the greatest common divisor of f and c?
5
Let k = -94 + 12. Let f = -46 - k. Calculate the highest common divisor of 24 and f.
12
Let k = -41 - -44. Suppose -2*c + 95 = 5*s, -4*c + s = -k*c - 37. What is the greatest common divisor of c and 8?
8
Let j(g) = -g. Let t = -12 + 13. Let a(p) = 4*p - 2. Let z(h) = t*a(h) + 6*j(h). Let s be z(-5). What is the greatest common factor of s and 20?
4
Suppose 2*j + 0*f + 2*f + 2 = 0, -5*j + 3 = -3*f. Suppose j = x - 2, 0 = -7*l + 6*l - 4*x + 23. What is the highest common factor of l and 45?
15
Let c(a) = a**2 - 31*a + 8. Let d be c(22). Let p = d + 350. What is the greatest common divisor of p and 40?
40
Let m = -710 - -1883. Calculate the greatest common divisor of m and 51.
51
Let v be 13/(-3) + 5 + (-372)/(-9). Let s(z) = z**3 + 5*z**2 - 5*z + 3. Let u be s(-5). What is the highest common divisor of u and v?
14
Suppose -107*z = -551 - 3729. What is the highest common factor of z and 576?
8
Suppose 30*l - 16876 + 5326 = 0. Calculate the highest common divisor of 55 and l.
55
Let c be (7 + (-110)/20)*88. Calculate the greatest common factor of 1056 and c.
132
Let y(f) be the second derivative of 2*f**4/3 + f**3/2 + 3*f**2/2 + 6*f. Let n be y(-3). Let s = 14 + n. Calculate the greatest common divisor of s and 10.
10
Let f be 782/6 - (-10)/(-30). Calculate the highest common divisor of 78 and f.
26
Let k = -159 + 163. Let f be (-4 - (-55)/10)/(1/k). Calculate the highest common factor of 66 and f.
6
Let q = 17 + 23. Suppose 41*k - q*k - 9 = 0. Let w be -3 + 14 - (1 - -1). Calculate the greatest common factor of k and w.
9
Suppose -7*l = -3*l - 896. What is the highest common factor of 42 and l?
14
Let m = 1341 - 644. Calculate the highest common divisor of m and 17.
17
Suppose -3*k + 118 = 94. Let u(s) = 12*s - 8. Let b be u(6). What is the greatest common divisor of b and k?
8
Let s = -12 - -24. Let n be 66/27*3*s. What is the highest common factor of n and 11?
11
Let b(v) = -v - 5. Let h be b(-10). Suppose h*f - 25 = 0, 5*n = 3*n + 3*f + 65. Let l = n + -24. What is the greatest common factor of l and 176?
16
Let g(o) = o + 2. Let c be g(0). Suppose 13 = c*w + 3. Let q(s) = -s**3 + 7*s**2 - 6*s - 4. Let i be q(w). Calculate the greatest common factor of i and 64.
16
Let a(b) = b**2 + 42*b - 451. Let w be a(24). What is the highest common divisor of w and 206?
103
Suppose 391 + 113 = 9*g. What is the greatest common factor of 56 and g?
56
Let k be ((-4)/10)/(1/(-125)). Suppose a + 5*x - 8 = -25, -4*a + x = -37. Suppose -2*m - h = -8 - a, -h + 6 = m. What is the greatest common